-2. Let u = q + y. Is u composite?
False
Let p(z) = -1768*z + 50. Let n = -399 + 396. Is p(n) a prime number?
False
Let n be (-16 - -43)*(-2)/12*-2. Suppose 5017 = n*i - 2246. Is i prime?
False
Let w(g) = 16*g**2 + 1. Suppose 2*q - 190 = -5*b + q, -2*q = -3*b + 114. Let m = b - 34. Is w(m) a prime number?
True
Let i = 10 + -15. Let o be 1/2*(-5 - i). Suppose -1101 = -o*x - 3*x. Is x a composite number?
False
Suppose 4*c - 7*c + 3*t + 13686 = 0, -2*c = -5*t - 9115. Is 2 + -5 + -9 + c prime?
False
Let l = -34784 - -24461. Let s = -6064 - l. Is s a prime number?
True
Suppose 18*q - 2929674 = -7*q + 3*q. Is q a prime number?
False
Is (-16)/((-288)/3700598) + 16/(-9) + 2 prime?
True
Suppose -11*h + 8*h = -k - 10, -h + 3 = 0. Let g(q) = -2146*q + 37. Is g(k) a prime number?
False
Suppose -2*m + 4*g = -2, 0 = m - 0*g + 2*g - 9. Suppose -14*i - 859 = -3*j - 12*i, -m*i + 1153 = 4*j. Is j prime?
False
Suppose -4*t = 4*k - 473924, -2*k + 4*t - 45852 + 282850 = 0. Is k a composite number?
True
Suppose 47*s + 2*s = 392. Suppose -s*k + 16*k = 178424. Is k prime?
True
Let f be 3/(-8) + 3*(-6)/(-48). Suppose 3417 = 2*o + 12*c - 13*c, -5*o - 2*c + 8547 = f. Is o a composite number?
False
Let u = -427782 - -644939. Is u composite?
False
Let y(u) = 10703*u**2 + 76*u + 1179. Is y(-16) prime?
True
Let t = 186063 - -41656. Is t a prime number?
True
Let k = 41074 + -515. Is k a prime number?
True
Let p = -38 - -39. Let g be (-16512)/(-5) - ((-12)/(-30) - p). Is (-2)/3*g/(-2) a prime number?
False
Let h = 1938133 - 1358042. Is h a composite number?
True
Let k = -1568 + 3470. Let g = k + -659. Is g composite?
True
Let m(a) = -58*a**3 - 6*a**2 - 19*a - 2. Let l be (-6 - -2)*(-3)/6*-2. Let u be m(l). Suppose 9*w - 30159 - u = 0. Is w a prime number?
True
Let q be (4 + -1 + 16/(-4))*1580. Let h = q - -2339. Suppose 266 = -3*m + 4*m - 3*v, -4*v + h = 3*m. Is m composite?
False
Let s = 126 - -26. Let y(c) = 658*c - 1. Let a be y(2). Let t = a - s. Is t composite?
False
Let g(t) = -2296*t**3 - 25*t**2 - 131*t + 41. Is g(-7) composite?
False
Suppose 0 = 77*k - 564576 - 121802. Is k prime?
False
Suppose 0 = -21*l - 12*l + 591459. Is l composite?
False
Let x = 46352 - 2393. Is x composite?
True
Suppose -38 = -p + 5*w + 9, -4*w + 20 = p. Is p*500/8 - -3 a composite number?
False
Let i = -237 - -207. Is (-6459 - 0)*10/i a composite number?
False
Is (197*97)/(-33 - -34) a prime number?
False
Let f(a) = 9*a**2 + 32*a + 31. Let k be f(23). Suppose -18*h + k = -14*h. Is h prime?
False
Suppose -2*w = 55*o - 59*o + 5571502, 6 = 2*w. Is o a composite number?
False
Suppose 378642 - 145799 = 3*g - 408296. Is g prime?
True
Suppose -2486712 = 40*n - 8105792. Is n composite?
False
Let r(f) = 438*f + 95. Let o be r(12). Suppose u + t - o = 0, 0 = 5*t - 7 - 13. Is u prime?
True
Suppose 12*p - 15 + 27 = 0. Is 2561/13 - 6*p composite?
True
Suppose 5*g + 9*h + 19865 = 4*h, 5*h - 3985 = g. Let x = 7060 + g. Suppose 2*o - x = -3*b, o - 436 - 1104 = b. Is o prime?
False
Is (7372/8 + 2)*(2 + (-11 - -11)) a composite number?
False
Let o be ((-172)/60 - (-2)/(-15)) + 24538. Is (o/10)/(-7)*-6 a prime number?
False
Let i(n) = 173*n**2 - 4*n - 30. Let o be i(-4). Suppose 0*q - o = -5*q - z, -2*q + 1103 = -z. Is q composite?
True
Suppose -3*w + 319010 = 4*i, 4*i - 8*w - 319004 = -12*w. Is i prime?
True
Suppose -31*n + 70*n = -110*n + 27903677. Is n a composite number?
False
Let i(g) = -205*g**3 + g. Let k be i(-2). Suppose -4*v - 2*v - k = 0. Let a = 136 - v. Is a composite?
False
Let m = -669 + 613. Is (-14)/m - 14/8*-1005 a prime number?
True
Let y(w) = 8593*w**2 - 345*w + 697. Is y(2) composite?
True
Let n(l) = -33 - 9*l - 24*l - 7*l**3 + l - 17*l**2. Is n(-13) a composite number?
False
Suppose 22 = j - 4*i, -23 = 4*i - 11. Let o(u) = u**3 + 16*u**2 - 2*u - 85. Is o(j) prime?
False
Let g(w) = -30259*w + 5161. Is g(-12) a prime number?
False
Let d(o) = -1939*o - 1110. Is d(-23) a prime number?
True
Suppose 6*g - 3*m = 5*g + 39, -3*g + 153 = 3*m. Let f be g/9 + (-24)/18. Suppose -4*u = 3*b - 4633, 0*u + 5*u + 6167 = f*b. Is b prime?
True
Let t(f) = 3*f**2 - 6*f - 6. Let c be t(3). Is 1*(6341 - c/(-9)*-12) prime?
True
Let n = 137 - 95. Let i = n + -47. Let j(v) = -9*v**3 - 2*v**2 - 7*v - 11. Is j(i) prime?
False
Let l(n) = 181*n + 6. Let o(g) = -180*g - 7. Let d be (-1)/(2/(-6)) + 17 + -22. Let m(b) = d*o(b) - 3*l(b). Is m(-5) a composite number?
False
Suppose -3*k = -35710 + 1975. Let m = k - 1627. Is (m/30 - -5) + 4/10 prime?
False
Suppose -3*l + 4*q + 19 = 0, 2*q = 3*l + 7 - 24. Let t(s) = 292*s + 46. Let f be t(l). Suppose 0 = -g + 3*a + 374, -8*g + 4*g + 2*a = -f. Is g prime?
False
Let c = 26713 - -4134. Is c a composite number?
True
Let v = -1634 + 1563. Let w(p) = -9*p**3 + 3*p**2 - p - 4. Let q be w(-4). Let o = q - v. Is o composite?
True
Let g(c) = -5135*c**2 + 14*c + 6. Let a(m) = 25675*m**2 - 73*m - 30. Let z(y) = -2*a(y) - 11*g(y). Is z(-1) composite?
True
Let g(n) = -1562*n - 231. Let f(d) = 521*d + 77. Let u(s) = 8*f(s) + 3*g(s). Is u(-12) a composite number?
True
Let v(d) = -6*d**3 + 60*d**2 + 130*d - 99. Is v(-38) composite?
False
Let f(h) = 6*h**2 - 28*h + 23. Let r(c) = 6*c**2 - 30*c + 23. Let u(j) = 6*f(j) - 5*r(j). Is u(7) a prime number?
True
Let k(b) = 15*b**2 + 334*b - 1532. Is k(97) composite?
False
Let p = -1913 + 1006. Let i = 1574 + p. Is i a prime number?
False
Let w = 1957 - 4029. Let q = 4021 + w. Is q composite?
False
Suppose -24*m = -19*m - 2*r - 21953, 5*m + 4*r = 21959. Is m a composite number?
False
Let w be -1492*-1*2/4. Suppose 0 = -5*u - 3*c - 2621, 0 = -22*u + 18*u + 5*c - 2082. Let y = u + w. Is y composite?
False
Suppose 0 = 24*g - 18*g + 78. Let u(k) = -2*k**3 + 4*k**2 - 14*k - 43. Is u(g) composite?
False
Suppose -2*m = 4*t + t + 9, 5*m = -4*t + 3. Let s be (49 + 1 + -3)/(m/(-9)). Let r = 178 - s. Is r a prime number?
False
Suppose -4*s - 20 = 0, 4*t + 4*s = 2*s + 60170. Let n = -9712 + t. Is n composite?
False
Let x = 37457 + -7590. Let w = -15736 + x. Is w a composite number?
True
Let r(k) = 63*k + 25. Let c be (75/(-12) - -1)/((-9)/24). Is r(c) a prime number?
True
Let a = -13 + 14. Let l be 3/6*8/a. Suppose l*i + 1143 = 7*i. Is i a composite number?
True
Let s(j) = -43*j**2 - 8*j + 16. Let x(i) = i**2 - i - 1. Let h(c) = -s(c) - 3*x(c). Suppose q = -4*y + 2, -2*y + 2 = -y. Is h(q) a prime number?
True
Let l(b) = -31*b + 256*b + 261*b + 34 + 39. Is l(5) composite?
False
Suppose -4*o = -4*n - 1659348, -2*o + 4*n + 1068308 - 238638 = 0. Is o a prime number?
False
Suppose 4*d + 4*b - 28 = 0, 5*d = 2*b + 3*b + 65. Suppose 0*f - d*f + 34350 = 0. Let x = f - 2116. Is x prime?
True
Suppose 0 = -x + 8 + 8. Let u be -468 + 2 + x/4. Let j = u - -907. Is j prime?
False
Is ((-6)/27*55 - -12) + 833350/18 prime?
False
Suppose 11*a + 316822 - 2247795 = 0. Is a prime?
True
Is 1399/(8/(3880/5)) a prime number?
False
Is (-280)/336 - -479*134*(-38)/(-24) a composite number?
False
Let f(h) = 163761*h**2 + 20*h. Is f(1) composite?
False
Suppose -36*l = -73*l + 31*l + 282318. Is l prime?
False
Let n(r) be the first derivative of 23*r**4/2 + r**2 - 3*r - 12. Let o be n(1). Let b = 98 + o. Is b composite?
True
Suppose 0 = -9*k + 2512873 + 99548. Is k prime?
False
Let d = 3210738 - 2041607. Is d prime?
True
Suppose -2*x + 2*i + 44 = 6*i, -2*x = -2*i - 74. Suppose x*r - 96591 = -r. Is r composite?
False
Suppose -2*a + 11 - 3 = 0. Suppose a*s - 2*u = -3928, -3*s - 1346 = -3*u + 1594. Is ((-1)/((-9)/(-246)))/(16/s) prime?
False
Let r(d) = 2*d**2 + 34*d - 1254. Is r(26) a prime number?
False
Let g(w) = w**3 + 36*w**2 - 121*w + 125. Is g(-37) composite?
True
Is 3/((-506292)/36164 - -14) prime?
False
Let f(v) = 21*v**3 - 15*v**2 - 122*v - 283. Is f(21) a prime number?
True
Suppose 5*o - 4*z - 78985 = 0, 3*z + 0*z - 63219 = -4*o. Let h = o + -4864. Is h prime?
True
Suppose -o = 5*m - 77925, 389694 = 5*o + 3*m - m. Let l = -55337 + o. Is l a prime number?
False
Is 5*-3 + (-393388464)/(-399) a prime number?
True
Let s(n) = 35*n**2 + 6*n + 3. Suppose 3*i + 5*x + 4 = 2, 3*i = -3*x. Suppose p = -g - i, 3*p + 3*g + 11 = 2*p. Is s(p) composite?
False
Let a = 31 + 65. Suppose 0 = -21*w + 17*w + a. Is (-9)/w + 3153/24 composite?
False
Let d(j) = j**2 + 10*j - 95. Let s be d(-16). Is (-37490)/(-